{"id":34,"date":"2026-01-28T20:45:17","date_gmt":"2026-01-28T20:45:17","guid":{"rendered":"https:\/\/unisversdemain.fr\/?page_id=34"},"modified":"2026-02-14T12:48:36","modified_gmt":"2026-02-14T12:48:36","slug":"paulette-juilien-peuvion","status":"publish","type":"page","link":"https:\/\/unisversdemain.fr\/index.php\/paulette-juilien-peuvion\/","title":{"rendered":"Paulette Juilien-Peuvion"},"content":{"rendered":"\n<div class=\"wp-block-columns is-layout-flex wp-container-core-columns-is-layout-28f84493 wp-block-columns-is-layout-flex\">\n<div class=\"wp-block-column is-layout-flow wp-block-column-is-layout-flow\">\n<figure class=\"wp-block-image size-full\"><img fetchpriority=\"high\" decoding=\"async\" width=\"364\" height=\"273\" src=\"http:\/\/unisversdemain.fr\/wp-content\/uploads\/2025\/12\/presentation.jpg\" alt=\"\" class=\"wp-image-76\" srcset=\"https:\/\/unisversdemain.fr\/wp-content\/uploads\/2025\/12\/presentation.jpg 364w, https:\/\/unisversdemain.fr\/wp-content\/uploads\/2025\/12\/presentation-300x225.jpg 300w\" sizes=\"(max-width: 364px) 100vw, 364px\" \/><\/figure>\n<\/div>\n\n\n\n<div class=\"wp-block-column is-layout-flow wp-block-column-is-layout-flow\">\n<p><strong>Engag\u00e9e au service de Neufch\u00e2tel-Hardelot depuis de nombreuses ann\u00e9es, Paulette Juilien-Peuvion incarne une action municipale\u00a0de\u00a0proximit\u00e9 et\u00a0de\u00a0connaissance du\u00a0terrain.<\/strong><\/p>\n<\/div>\n<\/div>\n\n\n\n<h2 class=\"wp-block-heading\">Son histoire<\/h2>\n\n\n\n<p>C\u2019est une enfant du pays, comme on dit&nbsp;!&nbsp;N\u00e9e \u00e0 Neufch\u00e2tel-Hardelot, elle&nbsp;y est all\u00e9e \u00e0 l\u2019\u00e9cole, o\u00f9 elle a rencontr\u00e9 ses amis de toujours.&nbsp;Fille d\u2019agriculteurs, elle a grandi dans une culture de travail, de responsabilit\u00e9 et de solidarit\u00e9, qui&nbsp;a&nbsp;structur\u00e9&nbsp;son engagement public.&nbsp;Elle&nbsp;conna\u00eet intimement&nbsp;sa commune, son histoire et ses habitants, et s\u2019y engage depuis toujours.<\/p>\n\n\n\n<h2 class=\"wp-block-heading\">Paulette JUILIEN-PEUVION,&nbsp;passionn\u00e9e<\/h2>\n\n\n\n<p>Depuis 30 ans, infatigable,\u00a0pleinement investie et toujours avec le sourire,\u00a0<strong>Paulette Juilien-Peuvion <\/strong>est au service\u00a0et \u00e0 l\u2019\u00e9coute\u00a0des habitants.\u00a0Durant un peu plus de 5 mandats, elle\u00a0est adjointe au maire\u00a0aux\u00a0affaires sociales. Elle\u00a0place\u00a0la solidarit\u00e9 et l\u2019accompagnement au c\u0153ur de son engagement municipal.<\/p>\n\n\n\n<h2 class=\"wp-block-heading\">Paulette JUILIEN-PEUVION,&nbsp;porteuse de projets&nbsp;ambitieux<\/h2>\n\n\n\n<p>\u00c9lue maire\u00a0en 2017,\u00a0puis en 2020,\u00a0elle porte\u00a0avec son \u00e9quipe des projets structurants\u00a0: extensions de la cantine, de la structure\u00a0multi-accueil,\u00a0cr\u00e9ation de la\u00a0nouvelle base de glisse\u00a0et du\u00a0centre culturel,\u00a0transformation du\u00a0stade \u00e9questre\u00a0en sable, modernisation de l\u2019\u00e9clairage public,\u00a0r\u00e9fections\u00a0de voirie,\u00a0changement de toiture de la salle des sports,\u00a0extension du cimeti\u00e8re,\u00a0mise aux normes de la d\u00e9fense incendie, mise en place de la vid\u00e9oprotection, nouveau poste de police municipale,\u00a0etc. <\/p>\n\n\n\n<h2 class=\"wp-block-heading\">Paulette JUILIEN-PEUVION,&nbsp;engag\u00e9e au-del\u00e0 de sa commune<\/h2>\n\n\n\n<p>Vice-pr\u00e9sidente de la Communaut\u00e9 d\u2019Agglom\u00e9ration du Boulonnais en charge du tourisme et\u00a0de la\u00a0politique locale du commerce,\u00a0<strong>Paulette\u00a0Juilien-Peuvion<\/strong> travaille avec les acteurs locaux de son territoire. Elle est\u00a0conseill\u00e8re r\u00e9gionale depuis 2011\u00a0: <em> Un mandat r\u00e9gional, c\u2019est un levier suppl\u00e9mentaire pour le d\u00e9veloppement communal. \u00a0<\/em>Son exp\u00e9rience et son engagement font de\u00a0<strong>Paulette Juilien-Peuvion<\/strong>\u00a0une \u00e9lue respect\u00e9e et \u00e9cout\u00e9e par l\u2019ensemble des acteurs politiques du territoire boulonnais.<\/p>\n\n\n\n<h2 class=\"wp-block-heading\">Paulette JUILIEN-PEUVION&nbsp;g\u00e8re&nbsp;sa commune&nbsp;avec harmonie<\/h2>\n\n\n\n<p>Mariant les\u00a0besoins\u00a0et les traditions du bourg\u00a0\u00e0\u00a0l\u2019attractivit\u00e9 et au charme de la station baln\u00e9aire, <strong>Paulette Juilien-Peuvion<\/strong>\u00a0d\u00e9fend depuis toujours la coh\u00e9sion\u00a0de Neufch\u00e2tel-Hardelot<strong>.\u00a0<\/strong>Elle s\u2019oppose au\u202fdivorce\u202fentre Neufch\u00e2tel et Hardelot,\u00a0dommageable pour les habitants<strong>\u00a0<\/strong>de la commune unifi\u00e9e \u00e0 l\u2019heure des coop\u00e9rations territoriales.<\/p>\n\n\n\n<h2 class=\"wp-block-heading\">Paulette JUILIEN-PEUVION est une femme int\u00e8gre<\/h2>\n\n\n\n<p>Fid\u00e8le \u00e0 ses convictions et \u00e0 sa commune, elle place l\u2019int\u00e9r\u00eat des habitants avant tout calcul politique.<\/p>\n\n\n\n<h2 class=\"wp-block-heading\">Paulette JUILIEN-PEUVION, des projets plein la t\u00eate<\/h2>\n\n\n\n<p>Apr\u00e8s presque\u00a08 ans\u00a0\u00e0 la t\u00eate de l\u2019\u00e9quipe municipale, <strong>Paulette Juilien-Peuvion<\/strong>, n\u2019a pas fini d\u2019\u00e9crire l\u2019histoire.\u00a0Les projets sont en phase de d\u00e9marrage.<\/p>\n\n\n\n<p><\/p>\n","protected":false},"excerpt":{"rendered":"<p>Engag\u00e9e au service de Neufch\u00e2tel-Hardelot depuis de nombreuses ann\u00e9es, Paulette Juilien-Peuvion incarne une action municipale\u00a0de\u00a0proximit\u00e9 et\u00a0de\u00a0connaissance du\u00a0terrain. Son histoire C\u2019est une enfant du pays, comme on dit&nbsp;!&nbsp;N\u00e9e \u00e0 Neufch\u00e2tel-Hardelot, elle&nbsp;y est all\u00e9e \u00e0 l\u2019\u00e9cole, o\u00f9 elle a rencontr\u00e9 ses amis de toujours.&nbsp;Fille d\u2019agriculteurs, elle a grandi dans une culture de travail, de responsabilit\u00e9 et de [&hellip;]<\/p>\n","protected":false},"author":1,"featured_media":0,"parent":0,"menu_order":0,"comment_status":"closed","ping_status":"closed","template":"","meta":{"footnotes":""},"class_list":["post-34","page","type-page","status-publish","hentry"],"yoast_head":"<!-- This site is optimized with the Yoast SEO plugin v27.0 - https:\/\/yoast.com\/product\/yoast-seo-wordpress\/ -->\n<title>Paulette Juilien-Peuvion - Unis vers Demain<\/title>\n<meta name=\"robots\" content=\"index, follow, max-snippet:-1, max-image-preview:large, max-video-preview:-1\" \/>\n<link rel=\"canonical\" href=\"http:\/\/unisversdemain.fr\/index.php\/paulette-juilien-peuvion\/\" \/>\n<meta property=\"og:locale\" content=\"fr_FR\" \/>\n<meta property=\"og:type\" content=\"article\" \/>\n<meta property=\"og:title\" content=\"Paulette Juilien-Peuvion - Unis vers Demain\" \/>\n<meta property=\"og:description\" content=\"Engag\u00e9e au service de Neufch\u00e2tel-Hardelot depuis de nombreuses ann\u00e9es, Paulette Juilien-Peuvion incarne une action municipale\u00a0de\u00a0proximit\u00e9 et\u00a0de\u00a0connaissance du\u00a0terrain. Son histoire C\u2019est une enfant du pays, comme on dit&nbsp;!&nbsp;N\u00e9e \u00e0 Neufch\u00e2tel-Hardelot, elle&nbsp;y est all\u00e9e \u00e0 l\u2019\u00e9cole, o\u00f9 elle a rencontr\u00e9 ses amis de toujours.&nbsp;Fille d\u2019agriculteurs, elle a grandi dans une culture de travail, de responsabilit\u00e9 et de [&hellip;]\" \/>\n<meta property=\"og:url\" content=\"http:\/\/unisversdemain.fr\/index.php\/paulette-juilien-peuvion\/\" \/>\n<meta property=\"og:site_name\" content=\"Unis vers Demain\" \/>\n<meta property=\"article:modified_time\" content=\"2026-02-14T12:48:36+00:00\" \/>\n<meta property=\"og:image\" content=\"http:\/\/unisversdemain.fr\/wp-content\/uploads\/2025\/12\/presentation.jpg\" \/>\n<meta name=\"twitter:card\" content=\"summary_large_image\" \/>\n<meta name=\"twitter:label1\" content=\"Dur\u00e9e de lecture estim\u00e9e\" \/>\n\t<meta name=\"twitter:data1\" content=\"3 minutes\" \/>\n<script type=\"application\/ld+json\" class=\"yoast-schema-graph\">{\"@context\":\"https:\/\/schema.org\",\"@graph\":[{\"@type\":\"WebPage\",\"@id\":\"http:\/\/unisversdemain.fr\/index.php\/paulette-juilien-peuvion\/\",\"url\":\"http:\/\/unisversdemain.fr\/index.php\/paulette-juilien-peuvion\/\",\"name\":\"Paulette Juilien-Peuvion - Unis vers Demain\",\"isPartOf\":{\"@id\":\"https:\/\/unisversdemain.fr\/#website\"},\"primaryImageOfPage\":{\"@id\":\"http:\/\/unisversdemain.fr\/index.php\/paulette-juilien-peuvion\/#primaryimage\"},\"image\":{\"@id\":\"http:\/\/unisversdemain.fr\/index.php\/paulette-juilien-peuvion\/#primaryimage\"},\"thumbnailUrl\":\"http:\/\/unisversdemain.fr\/wp-content\/uploads\/2025\/12\/presentation.jpg\",\"datePublished\":\"2026-01-28T20:45:17+00:00\",\"dateModified\":\"2026-02-14T12:48:36+00:00\",\"breadcrumb\":{\"@id\":\"http:\/\/unisversdemain.fr\/index.php\/paulette-juilien-peuvion\/#breadcrumb\"},\"inLanguage\":\"fr-FR\",\"potentialAction\":[{\"@type\":\"ReadAction\",\"target\":[\"http:\/\/unisversdemain.fr\/index.php\/paulette-juilien-peuvion\/\"]}]},{\"@type\":\"ImageObject\",\"inLanguage\":\"fr-FR\",\"@id\":\"http:\/\/unisversdemain.fr\/index.php\/paulette-juilien-peuvion\/#primaryimage\",\"url\":\"https:\/\/unisversdemain.fr\/wp-content\/uploads\/2025\/12\/presentation.jpg\",\"contentUrl\":\"https:\/\/unisversdemain.fr\/wp-content\/uploads\/2025\/12\/presentation.jpg\",\"width\":364,\"height\":273},{\"@type\":\"BreadcrumbList\",\"@id\":\"http:\/\/unisversdemain.fr\/index.php\/paulette-juilien-peuvion\/#breadcrumb\",\"itemListElement\":[{\"@type\":\"ListItem\",\"position\":1,\"name\":\"Accueil\",\"item\":\"https:\/\/unisversdemain.fr\/\"},{\"@type\":\"ListItem\",\"position\":2,\"name\":\"Paulette Juilien-Peuvion\"}]},{\"@type\":\"WebSite\",\"@id\":\"https:\/\/unisversdemain.fr\/#website\",\"url\":\"https:\/\/unisversdemain.fr\/\",\"name\":\"Unis vers Demain\",\"description\":\"Neufch\u00e2tel-Hardelot\",\"potentialAction\":[{\"@type\":\"SearchAction\",\"target\":{\"@type\":\"EntryPoint\",\"urlTemplate\":\"https:\/\/unisversdemain.fr\/?s={search_term_string}\"},\"query-input\":{\"@type\":\"PropertyValueSpecification\",\"valueRequired\":true,\"valueName\":\"search_term_string\"}}],\"inLanguage\":\"fr-FR\"}]}<\/script>\n<!-- \/ Yoast SEO plugin. -->","yoast_head_json":{"title":"Paulette Juilien-Peuvion - Unis vers Demain","robots":{"index":"index","follow":"follow","max-snippet":"max-snippet:-1","max-image-preview":"max-image-preview:large","max-video-preview":"max-video-preview:-1"},"canonical":"http:\/\/unisversdemain.fr\/index.php\/paulette-juilien-peuvion\/","og_locale":"fr_FR","og_type":"article","og_title":"Paulette Juilien-Peuvion - Unis vers Demain","og_description":"Engag\u00e9e au service de Neufch\u00e2tel-Hardelot depuis de nombreuses ann\u00e9es, Paulette Juilien-Peuvion incarne une action municipale\u00a0de\u00a0proximit\u00e9 et\u00a0de\u00a0connaissance du\u00a0terrain. Son histoire C\u2019est une enfant du pays, comme on dit&nbsp;!&nbsp;N\u00e9e \u00e0 Neufch\u00e2tel-Hardelot, elle&nbsp;y est all\u00e9e \u00e0 l\u2019\u00e9cole, o\u00f9 elle a rencontr\u00e9 ses amis de toujours.&nbsp;Fille d\u2019agriculteurs, elle a grandi dans une culture de travail, de responsabilit\u00e9 et de [&hellip;]","og_url":"http:\/\/unisversdemain.fr\/index.php\/paulette-juilien-peuvion\/","og_site_name":"Unis vers Demain","article_modified_time":"2026-02-14T12:48:36+00:00","og_image":[{"url":"http:\/\/unisversdemain.fr\/wp-content\/uploads\/2025\/12\/presentation.jpg","type":"","width":"","height":""}],"twitter_card":"summary_large_image","twitter_misc":{"Dur\u00e9e de lecture estim\u00e9e":"3 minutes"},"schema":{"@context":"https:\/\/schema.org","@graph":[{"@type":"WebPage","@id":"http:\/\/unisversdemain.fr\/index.php\/paulette-juilien-peuvion\/","url":"http:\/\/unisversdemain.fr\/index.php\/paulette-juilien-peuvion\/","name":"Paulette Juilien-Peuvion - Unis vers Demain","isPartOf":{"@id":"https:\/\/unisversdemain.fr\/#website"},"primaryImageOfPage":{"@id":"http:\/\/unisversdemain.fr\/index.php\/paulette-juilien-peuvion\/#primaryimage"},"image":{"@id":"http:\/\/unisversdemain.fr\/index.php\/paulette-juilien-peuvion\/#primaryimage"},"thumbnailUrl":"http:\/\/unisversdemain.fr\/wp-content\/uploads\/2025\/12\/presentation.jpg","datePublished":"2026-01-28T20:45:17+00:00","dateModified":"2026-02-14T12:48:36+00:00","breadcrumb":{"@id":"http:\/\/unisversdemain.fr\/index.php\/paulette-juilien-peuvion\/#breadcrumb"},"inLanguage":"fr-FR","potentialAction":[{"@type":"ReadAction","target":["http:\/\/unisversdemain.fr\/index.php\/paulette-juilien-peuvion\/"]}]},{"@type":"ImageObject","inLanguage":"fr-FR","@id":"http:\/\/unisversdemain.fr\/index.php\/paulette-juilien-peuvion\/#primaryimage","url":"https:\/\/unisversdemain.fr\/wp-content\/uploads\/2025\/12\/presentation.jpg","contentUrl":"https:\/\/unisversdemain.fr\/wp-content\/uploads\/2025\/12\/presentation.jpg","width":364,"height":273},{"@type":"BreadcrumbList","@id":"http:\/\/unisversdemain.fr\/index.php\/paulette-juilien-peuvion\/#breadcrumb","itemListElement":[{"@type":"ListItem","position":1,"name":"Accueil","item":"https:\/\/unisversdemain.fr\/"},{"@type":"ListItem","position":2,"name":"Paulette Juilien-Peuvion"}]},{"@type":"WebSite","@id":"https:\/\/unisversdemain.fr\/#website","url":"https:\/\/unisversdemain.fr\/","name":"Unis vers Demain","description":"Neufch\u00e2tel-Hardelot","potentialAction":[{"@type":"SearchAction","target":{"@type":"EntryPoint","urlTemplate":"https:\/\/unisversdemain.fr\/?s={search_term_string}"},"query-input":{"@type":"PropertyValueSpecification","valueRequired":true,"valueName":"search_term_string"}}],"inLanguage":"fr-FR"}]}},"_links":{"self":[{"href":"https:\/\/unisversdemain.fr\/index.php\/wp-json\/wp\/v2\/pages\/34","targetHints":{"allow":["GET"]}}],"collection":[{"href":"https:\/\/unisversdemain.fr\/index.php\/wp-json\/wp\/v2\/pages"}],"about":[{"href":"https:\/\/unisversdemain.fr\/index.php\/wp-json\/wp\/v2\/types\/page"}],"author":[{"embeddable":true,"href":"https:\/\/unisversdemain.fr\/index.php\/wp-json\/wp\/v2\/users\/1"}],"replies":[{"embeddable":true,"href":"https:\/\/unisversdemain.fr\/index.php\/wp-json\/wp\/v2\/comments?post=34"}],"version-history":[{"count":10,"href":"https:\/\/unisversdemain.fr\/index.php\/wp-json\/wp\/v2\/pages\/34\/revisions"}],"predecessor-version":[{"id":135,"href":"https:\/\/unisversdemain.fr\/index.php\/wp-json\/wp\/v2\/pages\/34\/revisions\/135"}],"wp:attachment":[{"href":"https:\/\/unisversdemain.fr\/index.php\/wp-json\/wp\/v2\/media?parent=34"}],"curies":[{"name":"wp","href":"https:\/\/api.w.org\/{rel}","templated":true}]}}